, what is 24 - 220?
-141
In base 6, what is 313 + -31?
242
In base 16, what is -1 - -61?
60
In base 3, what is -10 - -102000?
101220
In base 13, what is 23c4 - 2?
23c2
In base 9, what is 1 - -210?
211
In base 15, what is -36 + 1?
-35
In base 7, what is 0 - 35?
-35
In base 4, what is -2230 + 201?
-2023
In base 15, what is -1b + 18?
-3
In base 6, what is 453 - 242?
211
In base 4, what is -1 - 1321?
-1322
In base 11, what is 4 - -239?
242
In base 13, what is 1618 + 2?
161a
In base 5, what is 13 - -23014?
23032
In base 3, what is -101210 + 1002?
-100201
In base 3, what is 21 - 11100?
-11002
In base 12, what is 2 - -28?
2a
In base 10, what is 84 + 3?
87
In base 13, what is 1 + -10?
-c
In base 3, what is -1202 - 11?
-1220
In base 10, what is 7 - 8?
-1
In base 15, what is -28 + 1?
-27
In base 5, what is -3041 - -3?
-3033
In base 5, what is 12 - 33?
-21
In base 12, what is 0 - -189?
189
In base 16, what is 6 + -b6?
-b0
In base 16, what is -486 - -1?
-485
In base 12, what is -4 - -1bb?
1b7
In base 12, what is -3 + -a55?
-a58
In base 3, what is -211 + -11102?
-12020
In base 3, what is -10 - -2112?
2102
In base 13, what is -9 + 66?
5a
In base 7, what is -32 - 20?
-52
In base 12, what is 3039 - -6?
3043
In base 3, what is 212211 + -2?
212202
In base 16, what is d - -28?
35
In base 12, what is 2 - -2b?
31
In base 5, what is -33 + 10?
-23
In base 11, what is -86 + 0?
-86
In base 15, what is 0 - 124?
-124
In base 16, what is 5 - 3f?
-3a
In base 12, what is -26 + 96?
70
In base 6, what is -104 - 232?
-340
In base 13, what is -6b9 + 5?
-6b4
In base 16, what is 1b5 + -3?
1b2
In base 6, what is 152 + -24?
124
In base 16, what is 2 - -21?
23
In base 3, what is 2 + 201010?
201012
In base 10, what is -12 - 16?
-28
In base 6, what is -232 - 2?
-234
In base 3, what is -10 + -1011?
-1021
In base 7, what is -13 + -30?
-43
In base 14, what is -a + 132?
126
In base 13, what is -38 - 25?
-60
In base 13, what is -29 + 70?
44
In base 4, what is -3 + -3222?
-3231
In base 7, what is 41 - -13?
54
In base 3, what is -11002 - -11?
-10221
In base 6, what is 0 + 135?
135
In base 6, what is 1111 - -4?
1115
In base 4, what is -2 + 23121?
23113
In base 6, what is -2112 + 10?
-2102
In base 15, what is -2e + 1?
-2d
In base 6, what is 3520 + 10?
3530
In base 2, what is 101 - 1001100?
-1000111
In base 7, what is 2 - 1422?
-1420
In base 5, what is 30 - -1333?
1413
In base 15, what is 2 - -2c2?
2c4
In base 15, what is 1 - 568?
-567
In base 4, what is -2 - 120100?
-120102
In base 9, what is -14733 - 5?
-14738
In base 14, what is 170 + -2?
16c
In base 8, what is -165 - 6?
-173
In base 14, what is 4 - 5a4?
-5a0
In base 14, what is -216 - 4?
-21a
In base 11, what is 8 - a6?
-99
In base 9, what is -3 + -51?
-54
In base 6, what is 0 - 213?
-213
In base 4, what is 10232 - 10?
10222
In base 7, what is -253 + 202?
-51
In base 11, what is 5a - 5?
55
In base 16, what is -1f + -8?
-27
In base 2, what is 101101 + -101?
101000
In base 12, what is 22 + -5?
19
In base 12, what is -10b + 2?
-109
In base 11, what is -5 + 2a?
25
In base 13, what is -2 - -a4?
a2
In base 11, what is -8 - 6a?
-77
In base 11, what is 18a9 - -3?
1901
In base 2, what is -1000 + 10010?
1010
In base 6, what is 23 + 0?
23
In base 15, what is 8 - -3?
b
In base 11, what is -2 + 290?
289
In base 9, what is 72 - -2?
74
In base 8, what is -4 + -5674?
-5700
In base 4, what is 2222 + -3?
2213
In base 7, what is -11113 - -3?
-11110
In base 11, what is -5a66 - 4?
-5a6a
In base 14, what is -1 + -489?
-48a
In base 9, what is -18 + -5?
-24
In base 2, what is 1101 - 10001?
-100
In base 7, what is 1 + 564?
565
In base 13, what is -186 - -2?
-184
In base 8, what is 5 - -301?
306
In base 7, what is -2 + -5120?
-5122
In base 12, what is -5 + 1293?
128a
In base 10, what is 20 + 2?
22
In base 8, what is -10205 - 3?
-10210
In base 3, what is 1011102 + 11?
1011120
In base 8, what is -13 + 1003?
770
In base 4, what is 0 + 233312?
233312
In base 14, what is -9 + 165?
15a
In base 13, what is 185a - 2?
1858
In base 12, what is -4 + 432?
42a
In base 13, what is 0 + 3734?
3734
In base 11, what is 1a + -2?
18
In base 8, what is 1652 - 2?
1650
In base 13, what is 1 - -1034?
1035
In base 8, what is 4 + -2?
2
In base 3, what is 12 - -1202?
1221
In base 16, what is c7 + -14?
b3
In base 16, what is -3 - -22?
1f
In base 13, what is -7 - -35?
2b
In base 11, what is 1663 - 3?
1660
In base 10, what is -4099 - -3?
-4096
In base 7, what is 215 + 22?
240
In base 15, what is 7b6c - 3?
7b69
In base 3, what is 10 - -1?
11
In base 3, what is -20120 + 2?
-20111
In base 13, what is 5 + -1164?
-115c
In base 15, what is 0 + -6?
-6
In base 10, what is -1 + 137?
136
In base 5, what is -10 - -41?
31
In base 2, what is 100111110 + 1?
100111111
In base 3, what is 20 + 1200?
1220
In base 9, what is -157 - -5?
-152
In base 8, what is -343 + -2?
-345
In base 4, what is 20201 - 11?
20130
In base 13, what is -5 - 1642?
-1647
In base 10, what is 41 + -104?
-63
In base 13, what is 3 - 85?
-82
In base 16, what is -832 + 9?
-829
In base 8, what is -125 - -2?
-123
In base 12, what is -195 + 8?
-189
In base 12, what is 11 + 27?
38
In base 9, what is 138 + 3?
142
In base 10, what is -2 - -277?
275
In base 11, what is -3 - 2684?
-2687
In base 16, what is -1e6 + 6?
-1e0
In base 2, what is 11010100 + -101?
11001111
In base 7, what is -20 - -24?
4
In base 9, what is 657 - 2?
655
In base 12, what is -759 + -5?
-762
In base 12, what is -11b - -3?
-118
In base 6, what is -33 + 43?
10
In base 15, what is 4 + d2?
d6
In base 9, what is -1 - 47?
-48
In base 15, what is -151 - 2?
-153
In base 4, what is -312 - -2?
-310
In base 6, what is -1220 - -5?
-1211
In base 2, what is -100010101 - 10100?
-100101001
In base 6, what is 1 + -4?
-3
In base 16, what is 2 + -a?
-8
In base 10, what is 114 - 0?
114
In base 15, what is -2 - 347?
-349
In base 10, what is 61 - -11?
72
In base 6, what is 0 + -240?
-240
In base 14, what is 19 - 30?
-15
In base 12, what is 5 + -74?
-6b
In base 4, what is -1033232 + -1?
-1033233
In base 12, what is 476 - -1?
477
In base 12, what is -33 - 14?
-47
In base 3, what is -120111 + 12?
-120022
In base 15, what is -1b4 - 16?
-1ca
In base 7, what is 115 - -21?
136
In base 8, what is 4 - 6670?
-6664
In base 6, what is -501 - -10?
-451
In base 16, what is 1f2 + 4?
1f6
In base 6, what is -434 - -1?
-433
In base 16, what is 7 + 1?
8
In base 15, what is -a89 - -3?
-a86
In base 16, what is 7c - 2?
7a
In base 2, what is 0 - -10011111?
10011111
In base 10, what is -205 + 3?
-202
In base 2, what is -1110100001 + 0?
-1110100001
In base 15, what is -5 - 82a?
-830
In base 4, what is 2 - -201?
203
In base 5, what is 2 + 1404?
1411
In base 12, what is -15 + 2?
-13
In base 15, what is 3 + 278?
27b
In base 8, what is 2 + 37?
41
In base 15, what is -2 - -8a?
88
In base 7, what is 1 + 46?
50
In base 10, what is 1 + -187?
-186
In base 16, what is 5 - 116?
-111
In base 16, what is 1 + -23c?
-23b
In base 3, what is -11 - -10?
-1
In base 10, what is -161 - 0?
-161
In base 6, what is 5 - 44?
-35
In base 16, what is bc4 + 5?
bc9
In base 5, what is -330141 + 10?
-330131
In base 15, what is -3c - 246?
-283
In base 10, what is -2 + 83?
81
In base 15, what is -29 + -3?
-2c
In base 8, what is -6024 + -5?
-6031
In base 2, what is 101 - 111000010?
-110111101
In base 16, what is 4 - 4b2?
-4ae
In base 3, what is -2 - 112?
-121
In base 15, what is -25 + 3?
-22
In base 4, what is 2311 - 211?
2100
In base 6, what is -41 - -200?
115
In base 7, what is -1 - -3125?
3124
In base 5, what is -10 - 130?
-140
In base 14, what is -1107 - 0?
-1107
In base 14, what is -5 - -58c?
587
In base 2, what is 100011 - 100000011?
-11100000
In base 11, what is 5 + -1?
4
In base 16, what is 3 - -85?
88
In base 8, what is -325 + -11?
-336
In base 16, what is 4 - -688?
68c
In base 14, what is -5 - 1?
-6
In base 3, what is 10021 - 10220?
-122
In base 6, what is -25 - 4?
-33
In base 7, what is -224 + 1?
-223
In base 6, what is 0 - -135?
135
In base 4, what is -12 + -321?
-333
In base 13, what is 5 - -21?
26
In base 15, what is -2 + 838?
836
In base 3, what is 1002 - 22?
210
In base 4, what is -113 + -22023?
-22202
In base 7, what is -1241 + 3?
-1235
In base 12, what is b1 + 14?
105
In base 10, what is 17 + -5?
12
In base 15, what is -13bd2 + 2?
-13bd